{"id":2903,"date":"2023-05-30T17:48:19","date_gmt":"2023-05-30T15:48:19","guid":{"rendered":"https:\/\/w123-club-service.de\/w123\/?post_type=product&#038;p=2903"},"modified":"2023-06-20T19:08:42","modified_gmt":"2023-06-20T17:08:42","slug":"kaufberatung-w123","status":"publish","type":"product","link":"https:\/\/w123-club-service.de\/w123\/shop\/allgemein\/druckerzeugnisse\/kaufberatung-w123\/","title":{"rendered":"Kaufberatung W123 &#8211; 2. Auflage"},"content":{"rendered":"<p>Kaufberatung W 123<br \/>\n2. Auflage<br \/>\nEin Mu\u00df f\u00fcr jeden, der einen W 123 hat oder kaufen m\u00f6chte.<br \/>\nExclusiv bei uns!<br \/>\nArt-Nr. 1000002<br \/>\nEinzelpreis f\u00fcr Club-Mitglieder: 25,00 \u20ac<br \/>\nEinzelpreis f\u00fcr Nicht-Mitglieder: 32,00 \u20ac<\/p>\n","protected":false},"excerpt":{"rendered":"<p><em>Preis f\u00fcr Club-Mitglieder: 25,00 \u20ac<\/em><\/p>\n<p>Kaufberatung W 123 &#8211; 2. Auflage<br \/>\nEin Mu\u00df f\u00fcr jeden, der einen W 123 hat oder kaufen m\u00f6chte.<br \/>\nExclusiv bei uns!<\/p>\n","protected":false},"featured_media":2907,"template":"","meta":{"rank_math_lock_modified_date":false,"iawp_total_views":36},"product_cat":[180],"product_tag":[213,212],"class_list":{"0":"post-2903","1":"product","2":"type-product","3":"status-publish","6":"product_cat-druckerzeugnisse","7":"product_tag-beratung","8":"product_tag-buch","10":"first","11":"instock","12":"taxable","13":"shipping-taxable","14":"purchasable","15":"product-type-simple"},"_links":{"self":[{"href":"https:\/\/w123-club-service.de\/w123\/wp-json\/wp\/v2\/product\/2903","targetHints":{"allow":["GET"]}}],"collection":[{"href":"https:\/\/w123-club-service.de\/w123\/wp-json\/wp\/v2\/product"}],"about":[{"href":"https:\/\/w123-club-service.de\/w123\/wp-json\/wp\/v2\/types\/product"}],"wp:featuredmedia":[{"embeddable":true,"href":"https:\/\/w123-club-service.de\/w123\/wp-json\/wp\/v2\/media\/2907"}],"wp:attachment":[{"href":"https:\/\/w123-club-service.de\/w123\/wp-json\/wp\/v2\/media?parent=2903"}],"wp:term":[{"taxonomy":"product_cat","embeddable":true,"href":"https:\/\/w123-club-service.de\/w123\/wp-json\/wp\/v2\/product_cat?post=2903"},{"taxonomy":"product_tag","embeddable":true,"href":"https:\/\/w123-club-service.de\/w123\/wp-json\/wp\/v2\/product_tag?post=2903"}],"curies":[{"name":"wp","href":"https:\/\/api.w.org\/{rel}","templated":true}]}}